1 - -2. What is the greatest common divisor of b and l?
10
Let l = 47 - 27. Suppose -l = 4*a, 3*u + 3 = -2*a - 1. Let i(h) = 7*h + 2. Let o be i(2). What is the greatest common factor of u and o?
2
Let v(t) = -7*t + 4. Let p be v(-2). Calculate the greatest common divisor of p and 6.
6
Let i(h) = h**3 - h - 3. Let x be i(3). Calculate the greatest common factor of x and 84.
21
Let g(v) = v**3 + 4*v**2 + v. Let x be g(-3). Let w(a) = a**3 + 6*a**2 - 9*a - 8. Let k be w(-7). What is the greatest common factor of k and x?
6
Suppose -6*x - 24 = -9*x. What is the highest common divisor of x and 32?
8
Let j = -14 - -69. Suppose 2*a - 15 = -a. What is the greatest common divisor of j and a?
5
Suppose 0*x + 3*o = -2*x + 56, 4*o = x - 6. Suppose 4*s - 220 = -0*s. What is the highest common divisor of s and x?
11
Suppose 5*r - 28 = -2*a, 5*a + r = -5 + 29. Suppose 0 = -2*f - 6, 2*n = f - 2*f - 3. Suppose -40 = -2*o - n*o. Calculate the highest common factor of o and a.
4
Suppose -2*r + 6 = -5*z - 3, -2*r = 5*z + 1. Suppose -5*a + 2*w = -a - 24, w = -r*a + 4. What is the greatest common divisor of a and 10?
2
Suppose -2*h + 6*h = 4*d - 24, 4*d = -5*h - 3. Let p be (-2)/h*-3 - -65. Let r = 127 - p. Calculate the greatest common divisor of r and 8.
8
Let q be (378/(-49))/(9/(-42)). What is the greatest common divisor of q and 12?
12
Let c(w) = -w**3 + 6*w**2 + 8*w - 7. Let s be c(7). Suppose b - 162 = a, -4*b + s*b + 3*a + 646 = 0. What is the highest common divisor of b and 20?
20
Let r be 6/(-4)*(-182)/3. What is the highest common divisor of 13 and r?
13
Suppose -5*x - 2*i = -2*x + 2, -1 = 5*x + i. Suppose x = -3*r - 2*r - 1100. Let s be r/(-12) + 2/(-6). Calculate the greatest common divisor of s and 27.
9
Suppose 4 - 13 = -3*q. Suppose -q*y + 18 = -y. Let v = -2 + y. Calculate the greatest common factor of 49 and v.
7
Let q = -6 - -8. Let o be 832/39 - q/6. Calculate the greatest common factor of o and 147.
21
Suppose -v + 18 = -6. Suppose -v = -2*h + 16. What is the greatest common factor of 50 and h?
10
Let z(q) = -q**3 - 6*q**2 + 7. Let j be z(-6). Let p(c) = -c**2 + 8*c + 2. Let d be p(6). Calculate the greatest common factor of j and d.
7
Let b = -82 - -166. Calculate the greatest common factor of b and 12.
12
Let a be (9/(-12))/(-3) + 639/36. Calculate the greatest common factor of a and 2.
2
Suppose 2*w + 3*q - 3 = 10, -q + 7 = 2*w. Suppose -w*p = -109 + 25. What is the greatest common divisor of 6 and p?
6
Suppose -52 = -4*i - 4. What is the highest common divisor of 60 and i?
12
Suppose -5 - 18 = -5*x - 4*p, -8 = -2*x - p. Let a be (-3 + 0)/x - -16. What is the highest common factor of a and 10?
5
Suppose 5*c + 108 = 4*z - 21, z - 5*c - 51 = 0. Calculate the greatest common divisor of 52 and z.
26
Let n(c) = c**2 - 6*c + 12. Let y be n(6). What is the highest common factor of 60 and y?
12
Suppose -5*y + 12 = -2*y. Suppose 0*v + 24 = -2*v + y*g, -8 = 5*v + 3*g. Let q = 17 - v. Calculate the greatest common divisor of 84 and q.
21
Suppose w - 24 = -0*w. Suppose 38 = -3*a + 614. Calculate the greatest common factor of a and w.
24
Suppose -82 = -5*s + 4*d, -2*d - 53 = -4*s - 3*d. What is the highest common factor of 14 and s?
14
Let v(z) = 5*z**2 + 7*z - 7. Let t be v(-4). Calculate the highest common factor of 3 and t.
3
Let g(b) = 2*b - 2*b + 1 + 2*b + 5*b**2. Let a be g(-1). Let p = 2 + a. What is the greatest common factor of p and 24?
6
Suppose -134 = y - 4*y + 2*n, -y = 2*n - 58. Let d(f) = -7*f - 11. Let v be d(-5). What is the highest common divisor of y and v?
24
Let d be 3/(-5) - 234/(-90). Suppose 5*j - 35 = 2*o, d*j + 3*o = 5*o + 8. Calculate the greatest common factor of 9 and j.
9
Let v(h) = -8*h**3 - h - 1. Let a be v(-1). Suppose -3*l + 4*l = 2*b - 12, -2*b + a = -2*l. Calculate the highest common divisor of b and 24.
8
Let m = 3 - -2. Let y = 105 - 25. Suppose t = 3*t - y. What is the highest common divisor of t and m?
5
Let q = 158 - 122. Calculate the highest common divisor of 27 and q.
9
Suppose k + 0*k = 64. What is the highest common factor of 8 and k?
8
Let c(h) = 9*h - h**2 - 1 - 1 + h. Let y be c(10). Let i be ((-12)/10)/(y/110). Calculate the highest common divisor of i and 11.
11
Let n(r) = r**2 - 7*r + 25. Let w be n(4). Calculate the highest common divisor of 299 and w.
13
Let i be 5 + (-112)/20 + 684/15. What is the greatest common divisor of i and 18?
9
Let j(r) = r**3 + 34*r**2 - 36*r + 11. Let c be j(-35). What is the greatest common divisor of 184 and c?
46
Suppose u + 0*u = 20. Suppose -3*q - 4*w + 24 = 0, -2*w - 2*w = 2*q - 20. Calculate the greatest common divisor of u and q.
4
Let x = -4 - -6. Suppose 3*a - x*a = 39. What is the highest common divisor of a and 13?
13
Let o = 4 - 3. Let q be 1/2 - 630/(-60). Calculate the highest common factor of o and q.
1
Let j = -27 + 34. What is the highest common factor of 56 and j?
7
Suppose 0 = -3*d + 2*d - 49. Let i be (-339)/(-7) + 21/d. Calculate the highest common factor of 72 and i.
24
Let q = 138 - 94. What is the greatest common divisor of q and 110?
22
Let t be 14 + (4 + -1 - 4). Calculate the greatest common factor of t and 91.
13
Suppose -6 = -j + 10. Let s(y) = -y**2 - 21*y + 20. Let f be s(-12). Calculate the greatest common divisor of j and f.
16
Let n(m) = m**2 + 136. Let y be n(0). Calculate the highest common factor of y and 17.
17
Suppose 78 = -3*h + 5*h. What is the highest common factor of h and 13?
13
Let w(k) = 2*k**2 - 13*k + 5. Let m be w(9). What is the greatest common divisor of m and 50?
50
Let r(z) = z + 3. Let p be r(7). Calculate the highest common factor of p and 10.
10
Suppose g + 6 = 7. What is the highest common divisor of g and 1?
1
Suppose 868 + 92 = 4*v. Calculate the greatest common divisor of v and 40.
40
Let h(j) = j - 1. Let x be h(1). Suppose 5*y - 112 - 263 = x. Calculate the greatest common divisor of y and 15.
15
Let l(m) = -m**2 + 2*m + 100. Let x be l(0). Suppose 4*y - 28 = x. Calculate the highest common divisor of 4 and y.
4
Suppose 0 = 3*y - 1 - 5. Let x be -1 - 4*y/(-4). What is the highest common factor of x and 11?
1
Let a be ((-8)/3)/(2/(-48)). Let x = -14 + a. Calculate the highest common factor of 5 and x.
5
Let w be (-2 - 0)/((-4)/110). Let f(d) = -2*d**3 - d**2 + 22. Let b be f(0). What is the greatest common divisor of b and w?
11
Suppose 4*q = -8, 7*q = -5*p + 10*q + 156. Let o be 4/(-14) + (-214)/(-14). What is the highest common divisor of p and o?
15
Let q(s) = 13*s**2 + s. Let t be q(-1). Let g be ((-54)/t)/((-6)/40). What is the highest common factor of 20 and g?
10
Suppose 2*t = d + 7, -4*d - 2*t = -4*t + 52. Let a be (-27)/2*8/6. Let h be (-250)/d*a/(-5). Calculate the highest common divisor of h and 24.
12
Suppose 113*j + 40 = 117*j. What is the highest common divisor of 10 and j?
10
Suppose 0 = 3*n - 0*n - 81. What is the highest common divisor of 135 and n?
27
Suppose 5*r + 2*h - 80 = -0*h, 5*r - 115 = 5*h. What is the highest common divisor of r and 2?
2
Suppose -2*g = -t + 6*t - 4, -2*t + 10 = 5*g. Let n be 8*(-2)/3*-3. What is the highest common factor of g and n?
2
Let l(k) be the first derivative of 3*k**2/2 - 2. Let t be l(-1). Let n be 9 + 4*t/(-6). What is the highest common divisor of n and 88?
11
Suppose -5 - 15 = -o. Let m = 35 + -25. What is the highest common factor of m and o?
10
Let p = -4 + 6. Suppose 0 = -3*a - 2*v + 6*v + p, -5*a + 5*v = -5. What is the highest common divisor of a and 2?
2
Suppose -2 = 3*y - 2*a - 96, -2*y = 5*a - 31. Calculate the greatest common factor of y and 21.
7
Let w = -7 - -21. Suppose 5*l = w + 6. Calculate the greatest common divisor of 32 and l.
4
Let k(a) be the third derivative of 89*a**5/60 - a**4/12 + a**3/6 + 2*a**2. Let u be k(1). What is the highest common divisor of u and 8?
8
Suppose 3*h = 15 + 30. Let x(j) = 33*j. Let f = -12 - -17. Let s be x(f). What is the greatest common divisor of h and s?
15
Let u be (0 - 46)/(-2) - 1. What is the greatest common divisor of 33 and u?
11
Suppose -83 = -4*s - 23. Suppose 5*a - 210 = 2*p, 5*p = 2*p - s. What is the greatest common divisor of a and 5?
5
Let d(u) = u**2 - 7*u + 2. Let f be d(7). Suppose -c = f*c - 21. What is the greatest common divisor of c and 28?
7
Let x be (0 + 3)*(13 + -12). Suppose 2*